y 9667?
154
What is the remainder when 2926 is divided by 482?
34
What is the remainder when 33487 is divided by 2087?
95
What is the remainder when 207946 is divided by 199?
190
What is the remainder when 2403 is divided by 37?
35
What is the remainder when 78206 is divided by 13?
11
What is the remainder when 207535 is divided by 109?
108
Calculate the remainder when 15573 is divided by 336.
117
Calculate the remainder when 762 is divided by 158.
130
What is the remainder when 1457 is divided by 43?
38
What is the remainder when 105361 is divided by 10?
1
What is the remainder when 9068 is divided by 1375?
818
Calculate the remainder when 593 is divided by 49.
5
Calculate the remainder when 323 is divided by 119.
85
Calculate the remainder when 80492 is divided by 516.
512
What is the remainder when 821 is divided by 30?
11
What is the remainder when 10771 is divided by 897?
7
Calculate the remainder when 895 is divided by 283.
46
Calculate the remainder when 6207 is divided by 138.
135
What is the remainder when 25282 is divided by 64?
2
What is the remainder when 6172 is divided by 274?
144
What is the remainder when 261908 is divided by 13?
10
What is the remainder when 6082 is divided by 88?
10
What is the remainder when 43385 is divided by 43?
41
What is the remainder when 783 is divided by 386?
11
Calculate the remainder when 706480 is divided by 42.
40
Calculate the remainder when 108785 is divided by 54387.
11
Calculate the remainder when 392421 is divided by 664.
661
Calculate the remainder when 510971 is divided by 28.
27
Calculate the remainder when 37333 is divided by 5324.
65
Calculate the remainder when 14024 is divided by 866.
168
Calculate the remainder when 23499 is divided by 231.
168
Calculate the remainder when 563 is divided by 321.
242
Calculate the remainder when 491 is divided by 292.
199
What is the remainder when 1235 is divided by 221?
130
What is the remainder when 26113 is divided by 1540?
1473
What is the remainder when 7049830 is divided by 1401?
1399
What is the remainder when 691 is divided by 349?
342
Calculate the remainder when 4455 is divided by 141.
84
Calculate the remainder when 25194 is divided by 48.
42
What is the remainder when 1097835 is divided by 18?
15
Calculate the remainder when 95248 is divided by 33.
10
Calculate the remainder when 36647 is divided by 75.
47
What is the remainder when 15243 is divided by 148?
147
What is the remainder when 63618 is divided by 569?
459
What is the remainder when 8240 is divided by 4088?
64
Calculate the remainder when 246252 is divided by 123105.
42
What is the remainder when 166837 is divided by 18?
13
Calculate the remainder when 4142318 is divided by 569.
567
What is the remainder when 18589 is divided by 777?
718
Calculate the remainder when 519203 is divided by 12.
11
Calculate the remainder when 2437304 is divided by 65.
64
What is the remainder when 207681 is divided by 160?
1
Calculate the remainder when 430 is divided by 7.
3
What is the remainder when 21967 is divided by 499?
11
What is the remainder when 21908 is divided by 17?
12
What is the remainder when 12042 is divided by 3007?
14
What is the remainder when 443967 is divided by 64?
63
Calculate the remainder when 218128 is divided by 330.
328
What is the remainder when 969497 is divided by 484742?
13
What is the remainder when 96922 is divided by 89?
1
What is the remainder when 592870 is divided by 31203?
13
Calculate the remainder when 1779517 is divided by 26.
25
What is the remainder when 4079 is divided by 118?
67
Calculate the remainder when 7448 is divided by 3712.
24
What is the remainder when 401278 is divided by 96?
94
Calculate the remainder when 121240 is divided by 33.
31
Calculate the remainder when 803811 is divided by 267931.
18
Calculate the remainder when 4413 is divided by 2183.
47
What is the remainder when 5527 is divided by 120?
7
What is the remainder when 2374 is divided by 2123?
251
What is the remainder when 1037657 is divided by 302?
287
Calculate the remainder when 4329 is divided by 1813.
703
Calculate the remainder when 1445 is divided by 248.
205
Calculate the remainder when 506435 is divided by 18756.
23
What is the remainder when 53972 is divided by 88?
28
What is the remainder when 21689 is divided by 3608?
41
What is the remainder when 177215 is divided by 679?
675
Calculate the remainder when 2984160 is divided by 273.
270
Calculate the remainder when 453 is divided by 218.
17
What is the remainder when 29362 is divided by 14663?
36
What is the remainder when 10427465 is divided by 507?
503
Calculate the remainder when 86041 is divided by 29.
27
What is the remainder when 1472 is divided by 1426?
46
Calculate the remainder when 31746 is divided by 147.
141
Calculate the remainder when 413 is divided by 200.
13
What is the remainder when 6130 is divided by 261?
127
Calculate the remainder when 112084 is divided by 465.
19
Calculate the remainder when 9853 is divided by 77.
74
Calculate the remainder when 3332 is divided by 3308.
24
Calculate the remainder when 152632 is divided by 795.
787
What is the remainder when 148498 is divided by 135?
133
What is the remainder when 12541 is divided by 1789?
18
What is the remainder when 55586 is divided by 11108?
46
Calculate the remainder when 80521 is divided by 455.
441
Calculate the remainder when 163880 is divided by 12.
8
Calculate the remainder when 73608 is divided by 866.
864
What is the remainder when 85296 is divided by 5016?
24
What is the remainder when 3648778 is divided by 174?
172
Calculate the remainder when 535 is divided by 134.
133
What is the remainder when 292063 is divided by 2086?
23
What is the remainder when 37537 is divided by 18?
7
Calculate the remainder when 4668 is divided by 1555.
3
What is the remainder when 17453 is divided by 1349?
1265
Calculate the remainder when 1503 is divided by 521.
461
What is the remainder when 328955 is divided by 256?
251
What is the remainder when 1958 is divided by 287?
236
Calculate the remainder when 3197 is divided by 112.
61
What is the remainder when 9970 is divided by 346?
282
What is the remainder when 405257 is divided by 1479?
11
Calculate the remainder when 595 is divided by 153.
136
What is the remainder when 495033 is divided by 250?
33
Calculate the remainder when 8512 is divided by 777.
742
Calculate the remainder when 489371 is divided by 229.
227
What is the remainder when 901545 is divided by 1387?
1382
What is the remainder when 11447 is divided by 1430?
7
What is the remainder when 722 is divided by 347?
28
Calculate the remainder when 27248 is divided by 93.
92
Calculate the remainder when 155699 is divided by 155690.
9
What is the remainder when 389156 is divided by 653?
621
What is the remainder when 7896 is divided by 58?
8
Calculate the remainder when 649328 is divided by 162332.
0
Calculate the remainder when 24192 is divided by 370.
142
What is the remainder when 7908 is divided by 176?
164
Calculate the remainder when 53894 is divided by 1418.
10
Calculate the remainder when 56879 is divided by 28148.
583
Calculate the remainder when 111510 is divided by 116.
34
Calculate the remainder when 7506 is divided by 6528.
978
What is the remainder when 753887 is divided by 16?
15
Calculate the remainder when 5660 is divided by 5639.
21
Calculate the remainder when 157323 is divided by 77.
12
What is the remainder when 283 is divided by 77?
52
What is the remainder when 85199 is divided by 8?
7
Calculate the remainder when 11689 is divided by 56.
41
Calculate the remainder when 929 is divided by 22.
5
Calculate the remainder when 344875 is divided by 114953.
16
Calculate the remainder when 5281901 is divided by 926.
923
What is the remainder when 19046 is divided by 596?
570
Calculate the remainder when 12817 is divided by 57.
49
Calculate the remainder when 1834 is divided by 163.
41
Calculate the remainder when 336729 is divided by 21045.
9
Calculate the remainder when 2047 is divided by 11.
1
What is the remainder when 11758 is divided by 11742?
16
What is the remainder when 84366 is divided by 1096?
1070
What is the remainder when 1799 is divided by 12?
11
Calculate the remainder when 25061 is divided by 1549.
277
Calculate the